of t?
9
Suppose 60*r = 63*r + 519. Let f = r + 563. What is the units digit of f?
0
Let j be (6/(-1))/(6/24*-6). What is the units digit of (2 - (j + -1) - 2) + 219?
6
Let q be 10/6 - 2/(-6). Suppose 28 = 4*r - 5*w, 0 = -3*r + 24*w - 19*w + 26. Suppose r*h + q*h = 688. What is the units digit of h?
2
Let n(q) = -q**2 - 14*q - 33. Let l be n(-11). Suppose -17*d - 11*d + 23016 = l. What is the hundreds digit of d?
8
Let v(q) = -23 - 6*q**3 + 14*q**2 - 3*q + 6*q**3 - 3*q**3 + 4*q**3. What is the units digit of v(-9)?
9
Let o be (-18)/(-30) - 4/(-10). Let p(m) be the first derivative of 11*m**3/3 - m**2/2 - m - 23. What is the units digit of p(o)?
9
Suppose -7*m + 17*m = 260. Suppose m*j - 22*j - 4 = 0. What is the tens digit of 1/2*(36 + j + 1)?
1
Let f(q) = -q**3 + 8*q**2 + 13*q - 15. Let t be f(7). What is the units digit of 175/t*-1*305/(-1)?
7
What is the hundreds digit of -345*90/(-75) - (1 - 6)?
4
Suppose 2*k - 5*r + 0*r = 6351, -3*k + 3*r = -9504. Suppose -2*q + 91 = -4*g - k, -3263 = -2*q + g. What is the thousands digit of q?
1
What is the units digit of ((888/(-16))/(-37))/(6/1304)?
6
Let t = 1958 + 3948. What is the thousands digit of t?
5
Suppose 0 = 10*r - 0*r - 160. Suppose -r*z + 8477 = -4867. What is the tens digit of z?
3
Suppose 2*i + 63*x = 64*x + 8211, -5*x = -15. What is the tens digit of i?
0
What is the units digit of 1/((-15)/(-256275)) + -5?
0
Let i be 26 + (-2)/(40/(-15) - -2). Suppose 6000 = i*l - 14*l. What is the tens digit of l?
0
Let n be 137 - ((-18)/15)/(4/(-10)). Suppose m = -m - n. Let d = m + 168. What is the tens digit of d?
0
Let a = 37 + -41. Let x be (a - -3) + (5 - 1). Suppose 259 = 10*u - x*u. What is the units digit of u?
7
What is the tens digit of 18/7*(-4698162)/(-729)?
7
Suppose 0 = v + 10*v - 4*f - 486146, -4*f - 12 = 0. What is the tens digit of v?
9
Let n = -37 - -34. Let b be 1/(n/6*1). What is the units digit of (-128)/b + -4 + 3?
3
Let u(j) = 886*j + 109. What is the hundreds digit of u(7)?
3
Let o(y) be the first derivative of 7*y**2/2 - 57*y + 66. What is the units digit of o(9)?
6
Suppose r - 61*x + 55*x - 20345 = 0, 5*r - 4*x - 101933 = 0. What is the tens digit of r?
9
Let r = -10 + 17. Let g(j) = -j + j**2 + 595 + j - 602. What is the tens digit of g(r)?
4
Suppose 0 = 1516*q - 1524*q + 403448. What is the units digit of q?
1
Let a(j) = -34*j**3 - 38*j**2 + 7*j + 94. What is the hundreds digit of a(-13)?
2
Suppose 2 = s - 1. Suppose 2*g = -8, 2*m = s*g + 6 + 14. Suppose 3*c - 224 = c + 2*l, 5*c - m*l = 558. What is the hundreds digit of c?
1
Let h = 38609 - 26416. What is the hundreds digit of h?
1
Let r = -122 + 125. Let x = -3 + 3. What is the units digit of 3 - (x + 1 - r)?
5
Let a(c) = -30*c**3 - c**2. Let x be a(1). Let v = x - -34. Suppose -2*g + 1 = -g, 0 = -v*h - 3*g + 555. What is the units digit of h?
4
Let c be 84/(-56)*(-2222)/3. Suppose -203 - c = -3*o. What is the tens digit of o?
3
What is the units digit of (-25 - -23722)*5/45?
3
Let l(o) = 11*o + 24. Let y be l(10). Let r be (-24)/(-56) + y/14. Suppose -3*s + 548 = 5*g, -r + 5 = -5*s. What is the hundreds digit of g?
1
Suppose -3*r - 2*r - 2*h = -37, 2*r + 3*h - 17 = 0. Suppose -12*q = -r*q - 1430. Suppose q = 25*n - 24*n. What is the hundreds digit of n?
2
Let m(i) = 206*i**2 + 328*i + 3175. What is the ten thousands digit of m(-10)?
2
Let b(y) = 8*y**2 + 2*y - 2. Let h be b(1). Suppose h*z = 1411 + 1765. What is the tens digit of z?
9
Let s = 11612 - 5639. What is the thousands digit of s?
5
Let s = 1721 + -748. Let j = 2147 - s. What is the tens digit of j?
7
Let m = 46 - 27. Let w(c) = -c**2 + 32*c + 8. What is the units digit of w(m)?
5
Let m(i) = -4*i - i**2 + i + 109*i**3 - 6 + 10*i. Let n be m(1). Let o = 254 - n. What is the tens digit of o?
4
Let y(q) = 4304*q**2 + 74*q + 153. What is the tens digit of y(-2)?
2
Let i(b) = 4*b**3 + 5*b**2 - 2*b + 5. Let j be i(-5). Let z(r) = 2*r**3 - 35*r**2 + 13*r + 52. Let t be z(18). Let f = t + j. What is the hundreds digit of f?
2
Suppose -5*q = 1365 - 33255. Suppose 24*t - 5070 = q. What is the hundreds digit of t?
4
Let m = -504 + 190. Let u = -179 - m. What is the tens digit of u?
3
Let z be 4/(-28) - 1600/(-224). Let r(a) = -a**2 - 4*a. Let i be r(-3). Suppose z*b - i*b = 92. What is the units digit of b?
3
Suppose -27*d = -31*d + 2660. Let t = d + -355. What is the units digit of t?
0
Suppose 2*d + 0*d = -3*r + 1, -5*d = -2*r - 12. Suppose 7 = 3*o - d. What is the units digit of -134*(-9)/(-3)*(-1)/o?
4
Suppose -2*a + z = -z - 4, -4*a + 2*z + 2 = 0. Let p(c) be the third derivative of 7*c**5/6 - c**4/8 - c**3/3 + 3*c**2. What is the units digit of p(a)?
1
Let m(s) = -3 + 0*s + 4*s - 66*s**2 + 67*s**2. Let b be m(-5). What is the units digit of 586/14 - b/(-14)?
2
Suppose 63*n = -44*n + 68*n + 243516. What is the hundreds digit of n?
2
Suppose 99 = -5*a - 4*a. Let x(r) = -r**2 + 12*r - 15. Let h be x(a). What is the units digit of 70/14*(-2 - h/10)?
4
Let m(g) = g**2 - 13*g - 5. Let i be m(-28). Let k = -243 + i. What is the tens digit of k?
0
Let t(i) = 502*i + 45. Let o be t(3). Let b = o + -736. What is the hundreds digit of b?
8
Suppose 2*t - 4*n - 35 = 241, 0 = 4*t - 3*n - 577. Suppose -3*c + t = k, 15 = 5*c + 5. What is the tens digit of k?
4
Suppose -13*p + 32 = -33. Suppose 6*y - 2*y - l - 2168 = 0, p*y - 2710 = -4*l. What is the hundreds digit of y?
5
Let n be 3*(448/21)/8. What is the units digit of (-1 + -2)*(-27 + n)?
7
Suppose 111486 = -5*d - 2*j + 29521, -2*d + 5*j = 32815. What is the tens digit of d/(-18) - 1/(-6)?
1
Let z = 151 + -267. Let j = z + 142. What is the units digit of j?
6
Let t be (-24395)/(-35) - 2*(-10)/4. Suppose 38*l - 4768 = -t. What is the tens digit of l?
0
Let t(h) = -6*h - 16. Let u be t(-3). Suppose -u*r - 4*r - 18 = 0. What is the tens digit of (-93)/r + 1 + (-3)/(-3)?
3
Suppose 40 = 5*h - 5. Suppose 10*l + 82 = h*l. Let z = -57 - l. What is the units digit of z?
5
Let w(a) = a + 91. Let o be w(0). Let i(x) = -41*x + 372. Let j be i(7). Suppose -j - o = -8*s. What is the tens digit of s?
2
What is the hundreds digit of 163*(-24 - -1046)/14?
8
Suppose -6804 = 9*s - 16*s. Let n = s + -523. What is the units digit of n?
9
Let v = 50609 - 25938. What is the thousands digit of v?
4
Let o be 0 - (-770)/(-18) - (-106)/(-477). Let d = o + 44. What is the units digit of d + 2*75/2?
6
Let s = 6 - 26. Let z(c) = 2*c**2 + c + 13. Let y be z(-7). Let h = s + y. What is the units digit of h?
4
Suppose 2840 = 7*v - 11*v. Let s = -444 - v. What is the units digit of s?
6
Let n(t) = -2*t**3 - 117*t**2 - 239*t + 159. What is the tens digit of n(-60)?
9
Let u = -27 + 20. Let j(w) = -w**3 - 8*w**2 - 9*w + 7. Let v be j(u). Suppose -f + 7 = -v. What is the units digit of f?
8
Suppose -57*d - 32*d + 119*d = 1734870. What is the tens digit of d?
2
Let x(l) be the first derivative of 26 + 5/3*l**3 - 4*l - 4*l**2. What is the tens digit of x(6)?
2
Suppose 4*a - 3*x - 124128 = 0, -739*a - 2*x = -741*a + 62062. What is the tens digit of a?
3
Suppose 20*c - 403117 = -8617. What is the ten thousands digit of c?
1
Let v(s) = s**3 + s**2 + 2*s - 21318. Let r be v(0). What is the tens digit of 4/6*r/(-76)?
8
Suppose -49*d + 44*d + 211 = 4*f, -43 = -d - f. Let r = 3 + -24. Let u = r + d. What is the tens digit of u?
1
Let a be 11/((-42)/(-28) - (-3)/(-6)). Let v(r) = 7*r**2 - 21*r + 10. What is the units digit of v(a)?
6
Suppose -1997 - 3787 = -4*b. Suppose 4*p = -2*i + b, 5*i + 366 = p + 10*i. Suppose 9*t - 971 = p. What is the tens digit of t?
4
Let x = 1430 + -160. Suppose 9*b = x + 1430. What is the units digit of b?
0
Let n = 12527 - -4780. What is the units digit of n?
7
Suppose -90*y = -74*y - 158112. What is the units digit of y?
2
Let t(z) = -7574*z - 1848. What is the units digit of t(-4)?
8
Let a be 684 + -3 + 24/(-8). Let p = a - 376. What is the hundreds digit of p?
3
Suppose -10*p = -35*p + 175975. What is the hundreds digit of p?
0
What is the thousands digit of 14*(5/(-35))/(36/(-99162))?
5
Let s(t) = -2*t - 32. Let u be s(-13). Let z(y) = -y**2 - 5*y + 6. Let r be z(u). Suppose r = 18*p - 24*p + 462. What is the tens digit of p?
7
Suppose 2 = 8*k - 30. Let s(w) = 9*w**3 - 6*w**2 + 7*w - 10. What is the tens digit of s(k)?
9
Suppose -22899 = -